 + b + 2702 = 0. What is the hundreds digit of v?
6
Let w be (-4)/6*(-18)/4. Let n(u) = -9*u**2 - 92*u - 14. Let m be n(-10). Suppose -w*c - 33 = -m*c. What is the tens digit of c?
1
Suppose 1 = -r - 2, -2*z + 6028 = 4*r. What is the hundreds digit of z?
0
Let s = -48 - -62. Suppose s*p + 535 = 19*p. What is the units digit of p?
7
Let s = -2 + 1. Let m(g) = -9*g**3 - g**2 - 3*g - 2. Let i be m(-1). Let h = s + i. What is the units digit of h?
8
Suppose 4*c - 2*n - 32 = 0, 3 + 23 = 5*c + n. Let f(l) be the third derivative of -l**6/120 + l**5/10 + 7*l**3/6 - 30*l**2. What is the units digit of f(c)?
7
Suppose 8*b - 11*b = 6. Suppose 0 = -2*h + 4*h + 5*w - 36, 56 = 4*h + 2*w. Let x = h - b. What is the units digit of x?
5
Suppose 174 = 4*g + 5*z, -327 = -5*g - 4*z - 105. What is the units digit of g?
6
Let a(f) = -4*f**3 - 18*f**2 - 11*f - 4. Let o(c) = -c**3 + c**2 + 1. Let d(s) = -a(s) + 2*o(s). What is the units digit of d(-9)?
9
Let g = 221 - -219. What is the units digit of g?
0
Suppose d + 2 + 8 = 3*g, 6 = 5*d - g. Let q be (1*(-12)/(-2))/d. Suppose 9 - 1 = -2*s, q*l - 158 = -s. What is the tens digit of l?
5
Suppose 4*i - 12 = 5*h, 0 = 2*h + 4*i - 6 - 6. Suppose 4*b = -h*b - 4. What is the units digit of 2 + (-84)/(4*b)?
3
Let d(b) = 2*b**3 - 5*b**2 - 11. Suppose -5*i + 11 + 4 = x, 4*x + 2*i = 24. What is the tens digit of d(x)?
1
Let d be (40/(-6))/(6/(-27)). Let r = 80 - d. What is the tens digit of r?
5
Let z = -8 + 11. Let a be 6/18 + 74/z. Let d = -15 + a. What is the tens digit of d?
1
Suppose 2*b - 4*x + 7109 = 5*b, 0 = 3*b - 4*x - 7141. What is the hundreds digit of b?
3
Let s(p) = -61*p - 109. What is the tens digit of s(-23)?
9
Let o(f) = 9*f**2 - 4*f + 2. Let z be o(2). Suppose -37 = -t - 3*j - j, 2*t = 3*j + z. Suppose -2*a = t - 119. What is the units digit of a?
9
Let l(r) = 19*r**3 + r**2 + 18*r - 53. What is the tens digit of l(5)?
3
What is the units digit of (-601788)/(-363) + 2/11?
8
Let t(k) be the third derivative of -k**4/24 - k**3 + 4*k**2. Let v(j) = 10*j + 65. Let f(i) = -65*t(i) - 6*v(i). What is the tens digit of f(4)?
2
Let f(y) = -y**3 + 7*y**2 + 6*y + 1. Let a be f(8). Let k = 3 - a. What is the tens digit of k?
1
Let s be 2/(-8) - (-76)/(-16). Let z be (-88)/(-20) - (-2)/s. Let d = z + 13. What is the tens digit of d?
1
What is the units digit of -1 + 2 + (-188)/(-8)*4?
5
Let s(u) = -u**3 - u**2 - 5*u + 96. Suppose 2*y = 5*j - 10, 2 + 3 = 4*j - y. What is the units digit of s(j)?
6
Suppose 2*d + 10*d - 27372 = 0. What is the hundreds digit of d?
2
Let f(w) be the first derivative of 3*w**2 + 13*w - 9 + 1/3*w**3. What is the units digit of f(-6)?
3
What is the units digit of ((-8)/8)/((-5)/11265)?
3
Suppose 13*l = 2*l + 5115. What is the hundreds digit of l?
4
Let z be (-1*5)/(5 - 6). Let d = -10 - -16. Suppose z*f + d*g = g + 40, 31 = 2*f - 3*g. What is the units digit of f?
1
Let x(h) = 5*h - 54. Let d(a) = -4*a + 53. Let u(p) = -3*d(p) - 2*x(p). What is the units digit of u(27)?
3
Let o(s) = -s**2 - 12*s - 26. Let z be o(-5). Let k = 44 + -23. Let c = k - z. What is the tens digit of c?
1
Suppose 4*j - 4*y = 496, 3*j + 5*y = 165 + 223. What is the units digit of j?
6
Let j(k) = k**2 + 14*k + 7. Let b be j(-16). Let s = b - -23. Suppose 0 = -4*m + 20, -m - s = 3*v - 4*v. What is the tens digit of v?
6
Let q = -61 + 397. Suppose 0 = -5*x + 69 + q. What is the units digit of x?
1
Let q(z) = 6*z + 5. Let g be q(8). Let i be g*(4/1 - 3). Let p = i - 38. What is the tens digit of p?
1
Let y = -59 - -118. Let c = y - 44. What is the tens digit of c?
1
Suppose -4*z + 18 + 2 = 0, 5*g + 4*z = 0. Let r(i) = -38*i - 14. What is the units digit of r(g)?
8
Let o be ((2 + -3)*0)/(18/(-6)). Suppose -6*w + 86 + 88 = o. What is the tens digit of w?
2
Let p = -471 - -659. Suppose -17*q = -21*q + p. Suppose 154 + q = 3*l. What is the units digit of l?
7
Let z(w) = w**3 + 6 - 10 - 11*w - 9*w**2 + 16. Let f be z(10). Suppose 4*s - 3*g = 74, f*s = -s - 5*g + 70. What is the units digit of s?
0
Let b be (-6831)/(-22) + 1/(-2). Suppose 10*p + b = 15*p. Let v = p + -34. What is the units digit of v?
8
Let m(f) = f**2 - 35*f - 55. What is the units digit of m(53)?
9
Suppose 0 = -5*p - a - 80, 5*p + 3*a + 81 = 1. What is the tens digit of 64/((p/24)/((-4)/6))?
6
Suppose -29543 = -15*g + 16027. What is the hundreds digit of g?
0
Let w(h) be the second derivative of 3*h**4/4 + 11*h**2 - 3*h + 7. What is the hundreds digit of w(5)?
2
What is the units digit of (-56*165/10)/(-1)?
4
Let y(m) = 0*m + 5 - 3*m + m - 9. Let b(q) = -q**3 - 5*q - 9. Let n(r) = -3*b(r) + 7*y(r). What is the units digit of n(2)?
5
Let z be (210/(-40))/((-2)/16). Suppose 4*t + 2*t = z. Suppose -t*m - 2 = -8*m. What is the units digit of m?
2
Let c = 842 - -182. What is the units digit of c?
4
Suppose -27*g + 20*g + 3122 = 0. What is the hundreds digit of g?
4
What is the tens digit of (-40)/((1530/62)/5 - 5)?
2
What is the units digit of (2 - (1 + -2)) + (1 - -59)?
3
Let y = -14 + 28. Suppose y = 3*b - 130. What is the tens digit of b?
4
Let n = 242 + 21. What is the hundreds digit of n?
2
Let g(l) = 48*l + 23. What is the units digit of g(7)?
9
Let u = -30 + 42. Suppose 7*g = u*g - 520. What is the units digit of g?
4
Let d = -1774 - -3624. What is the units digit of d?
0
Let q(g) = g**3 + g**2 + 11*g + 106. What is the tens digit of q(0)?
0
Let z = 16 - 33. Let a = z - -1. Let g = 42 + a. What is the units digit of g?
6
Suppose 5*a + 20 = 0, -4*b - a + 3050 + 2602 = 0. What is the tens digit of b/30 - 16/120?
4
Suppose 0 = -5*v - s + 11, 2*s - 13 = -3*v + 3*s. What is the tens digit of (-5 + 245/20)/(v/48)?
1
Suppose 0 = -h - 14*t + 9*t + 1281, 5*h - 5*t = 6465. What is the thousands digit of h?
1
Let v be (-9)/(-6)*(-4)/(-2). Let d(p) = -9 + v - 8*p - 4 + 3*p. What is the units digit of d(-6)?
0
Suppose 3*g - 23 + 2 = 0. Suppose -g*o + 2*o = -340. What is the units digit of o?
8
Let b = -4072 + 8067. What is the tens digit of b?
9
Suppose 0 = 3*r - 6*r + 9. Suppose 0*y - 100 = -2*q - 4*y, r*q - 146 = -4*y. Suppose -2*z - w + 29 = 0, 3*z + 0*w - q = -2*w. What is the tens digit of z?
1
What is the tens digit of 1 + 1 + 310/15*3?
6
Let g be (-9)/((-72)/15 + 5). What is the units digit of 41 - 4*(g/(-12) - 3)?
8
Let k be 4/2 + (-8)/4. What is the units digit of 2*(2 + k) - -17?
1
Let g = 1265 + -730. What is the units digit of g?
5
Suppose 2*y = 29 - 37. What is the units digit of ((-17)/(-4) + y)*-4 + 62?
1
Suppose 311 = 4*u + 91. Suppose -u = 2*f - 155. Suppose -4*w = -6*w + f. What is the tens digit of w?
2
Let x = 124 + -71. What is the units digit of x?
3
Suppose -3*d + 3*r - 6*r = -1149, -4*r = -5*d + 1879. What is the tens digit of d?
7
Suppose 0 = -1972*k + 1980*k - 21144. What is the units digit of k?
3
Suppose 2*l = 3*l + 2. Let k(m) = -3*m**2 - m - 1. Let n be k(l). Let w(o) = -o**3 - 10*o**2 + 11*o + 12. What is the units digit of w(n)?
2
Suppose 1165 = 7*i + 248. What is the units digit of i?
1
Let z(g) = -11*g**3 + 7*g**2 + 20*g - 2. What is the hundreds digit of z(-4)?
7
Let f = 122 + -109. What is the units digit of f?
3
Let g = 5 - 3. Suppose g*p + 4 = 10. What is the units digit of (-4)/6*p/(-2)?
1
Suppose 0*c + 88 = -2*c. Let b be 12/(-2)*c/(-6). What is the units digit of 15/(-6)*b/10?
1
Let m(n) = -45*n - 18. Let f(t) = 1. Let w(x) = -18*f(x) - m(x). What is the tens digit of w(2)?
9
Let f(v) = -v**3 + v**2 + 2*v + 69. What is the units digit of f(0)?
9
Suppose -b + 3*b = 3*o + 219, -2*b = -5*o - 229. Suppose 252 = 6*c - b. What is the units digit of c?
9
Let k be (-6)/9 - (-24)/9. Suppose 0 = -k*p - 16 + 8. Let v(b) = b**3 + 7*b**2 + 7*b + 6. What is the tens digit of v(p)?
2
Let a be (-4 + -4)/2 + 45. Let u = a - -32. What is the tens digit of u?
7
Let d = 32 + -95. Let m = d + 169. What is the hundreds digit of m?
1
Let q = 10029 + -7099. What is the units digit of q?
0
Suppose -5*x + 4 = -3*c, 4*x - 17 = 5*c + 6*x. Let q be 2/c + 93/(-9). Let k = 22 + q. What is the tens digit of k?
1
Let n = -3 - -1. Let t(p) = p**3 - 5*p**2 + 4*p - 3. Let f be t(4). What is the units digit of (-30)/f - n/(-2)?
9
Suppose 5*u = f + 2*f + 21, -2*u = -5*f + 3. Let h(x) = 3*x - 15. Let a be h(u). Suppose 3*w = 4*m + 5, 0 = -3*m - 7*w + a*w + 15. What is